ghest common factor of 608 and 290144?
32
Calculate the greatest common factor of 291 and 104469.
291
Calculate the highest common factor of 1060 and 102449.
53
Calculate the greatest common factor of 18 and 6813.
9
Calculate the greatest common divisor of 357960 and 190.
190
Calculate the highest common factor of 189 and 1029.
21
Calculate the highest common factor of 936 and 12285.
117
What is the greatest common divisor of 8346 and 138?
6
What is the greatest common divisor of 233716 and 4352?
68
Calculate the highest common divisor of 64961 and 1577.
19
Calculate the highest common factor of 14755 and 845.
65
What is the greatest common factor of 126028 and 196?
196
What is the greatest common factor of 257623 and 253?
23
Calculate the highest common factor of 125 and 794500.
125
Calculate the greatest common divisor of 222976 and 804.
268
What is the highest common factor of 3927 and 42126?
357
Calculate the greatest common factor of 233200 and 265.
265
What is the highest common divisor of 11682 and 333999?
531
Calculate the highest common factor of 376 and 411626.
94
What is the highest common divisor of 918 and 3186?
54
Calculate the greatest common divisor of 56 and 500794.
14
What is the greatest common factor of 16 and 5328152?
8
What is the greatest common factor of 10051 and 48668?
529
What is the greatest common factor of 27667 and 3411?
379
What is the highest common factor of 238323 and 901?
17
Calculate the highest common divisor of 334428 and 7254.
186
Calculate the greatest common factor of 38850 and 130725.
525
What is the highest common divisor of 395698 and 212?
106
What is the greatest common divisor of 505609 and 1976?
247
Calculate the greatest common factor of 6774 and 180.
6
What is the highest common divisor of 1581 and 2703?
51
Calculate the highest common divisor of 244100 and 200.
100
What is the greatest common divisor of 920 and 40250?
230
What is the greatest common factor of 31279 and 496?
31
Calculate the greatest common divisor of 6973 and 23121.
367
Calculate the greatest common divisor of 278 and 38.
2
What is the greatest common factor of 12 and 38772?
12
Calculate the greatest common divisor of 14450 and 242250.
850
What is the greatest common divisor of 39 and 742014?
39
Calculate the highest common factor of 18252 and 2772.
36
Calculate the highest common factor of 8 and 29528.
8
What is the greatest common divisor of 1710940 and 11?
11
What is the greatest common divisor of 188664 and 1554?
42
Calculate the highest common divisor of 904 and 8023.
113
What is the greatest common divisor of 528 and 19161?
3
What is the highest common factor of 29796 and 52?
52
Calculate the highest common divisor of 303 and 348.
3
What is the greatest common factor of 221816 and 1088?
136
Calculate the highest common factor of 228 and 156693.
57
Calculate the greatest common divisor of 319 and 36163.
29
What is the greatest common factor of 314840 and 408?
136
Calculate the greatest common factor of 425 and 4432750.
425
What is the greatest common factor of 21 and 11669?
7
What is the highest common divisor of 561853 and 1537?
53
What is the greatest common divisor of 2221306 and 284?
142
Calculate the highest common factor of 5676 and 594.
66
What is the highest common factor of 882 and 29862?
126
Calculate the greatest common divisor of 20837 and 1675.
67
What is the highest common factor of 11778 and 4?
2
What is the highest common divisor of 52 and 245492?
52
What is the greatest common factor of 774 and 1035354?
258
What is the greatest common divisor of 1566 and 89436?
174
What is the greatest common factor of 561770 and 55?
55
Calculate the highest common factor of 2106 and 20412.
162
What is the highest common divisor of 72 and 6763698?
18
What is the greatest common divisor of 2017053 and 542?
271
Calculate the highest common divisor of 46620 and 4620.
420
Calculate the highest common factor of 60863 and 484.
121
Calculate the greatest common factor of 14 and 82516.
14
Calculate the highest common divisor of 5115 and 6045.
465
Calculate the greatest common divisor of 104361 and 1677.
129
What is the highest common factor of 80 and 6669500?
20
Calculate the highest common factor of 90 and 237420.
90
What is the highest common divisor of 33 and 106068?
3
What is the highest common factor of 1290 and 642?
6
Calculate the highest common divisor of 2500 and 2025.
25
What is the highest common divisor of 208 and 1831856?
208
Calculate the highest common divisor of 12691 and 136493.
259
What is the highest common divisor of 165 and 42141?
33
What is the highest common factor of 8479 and 915?
61
Calculate the greatest common factor of 36 and 755820.
36
What is the highest common divisor of 13053 and 475?
19
Calculate the greatest common divisor of 186693 and 156.
39
Calculate the highest common divisor of 164 and 516.
4
Calculate the greatest common divisor of 30 and 367995.
15
What is the greatest common factor of 608 and 2?
2
Calculate the greatest common divisor of 22 and 108757.
11
Calculate the highest common factor of 3900 and 181155.
195
Calculate the greatest common divisor of 5278962 and 3.
3
Calculate the highest common divisor of 18 and 58923.
9
Calculate the highest common divisor of 362501 and 19.
19
Calculate the highest common divisor of 7373779 and 173.
173
Calculate the highest common divisor of 1134 and 67284.
378
Calculate the greatest common factor of 270 and 1154250.
270
What is the greatest common divisor of 18532 and 46556?
452
Calculate the greatest common factor of 76979 and 1813.
49
Calculate the highest common factor of 645 and 30057.
129
What is the highest common divisor of 2296279 and 94?
47
Calculate the highest common divisor of 405 and 37071.
27
What is the highest common divisor of 5112 and 25986?
426
What is the highest common divisor of 40 and 18910?
10
Calculate the greatest common factor of 210 and 109914.
42
Calculate the highest common factor of 310600 and 500.
100
What is the highest common divisor of 68686 and 6527?
61
What is the highest common factor of 61963 and 73491?
1441
What is the greatest common factor of 2 and 168074?
2
What is the highest common factor of 601530 and 165?
15
What is the greatest common divisor of 130 and 46440?
10
What is the highest common divisor of 108 and 30258?
18
What is the highest common factor of 11456 and 25418?
358
Calculate the greatest common divisor of 495719 and 46.
23
Calculate the highest common factor of 2132246 and 246.
82
What is the highest common divisor of 11616 and 27467?
121
Calculate the highest common factor of 3480 and 1320.
120
What is the highest common factor of 633049 and 2?
1
What is the highest common divisor of 260920 and 880?
440
Calculate the greatest common factor of 10180 and 120.
20
What is the greatest common divisor of 36 and 56376?
36
What is the greatest common factor of 240363 and 119?
17
What is the greatest common factor of 39 and 585546?
39
Calculate the greatest common factor of 48 and 102594.
6
What is the greatest common factor of 106569 and 54?
27
What is the highest common divisor of 9 and 2229?
3
Calculate the greatest common divisor of 135882 and 18.
18
What is the highest common factor of 55493 and 13939?
263
Calculate the greatest common factor of 122500 and 2352.
196
What is the greatest common divisor of 294216 and 1131?
39
What is the greatest common factor of 805 and 24710?
35
What is the greatest common divisor of 1487 and 63?
1
What is the highest common factor of 10 and 5762?
2
Calculate the greatest common divisor of 1875870 and 304.
38
What is the greatest common factor of 4054 and 50?
2
Calculate the greatest common factor of 19159 and 3381.
1127
Calculate the highest common divisor of 163990 and 403.
31
What is the greatest common divisor of 217 and 518?
7
Calculate the highest common factor of 1912032 and 96.
96
What is the highest common factor of 93 and 794685?
93
What is the highest common factor of 91146 and 1672?
22
What is the highest common divisor of 3364 and 836?
4
What is the highest common factor of 282343 and 1706?
853
What is the highest common divisor of 556 and 31553?
139
Calculate the highest common factor of 31005 and 247.
13
Calculate the greatest common facto